z(o).
-3
Let t(z) be the second derivative of -7/3*z**3 - 26*z + 1/24*z**4 + 0 + 41/2*z**2. Let d(c) be the first derivative of t(c). Determine d(11).
-3
Suppose 18*v - 13*v = 3*i + 22, 0 = -4*v + i + 19. Let a(y) = -14*y - v*y + 4 - 3 + 4*y. Determine a(-1).
16
Let h(r) = -5148*r + 5153*r - 3 - 4 + 10*r**2 + 6*r**3 - 4*r**3. Give h(-5).
-32
Let m(o) = 13*o + 15 + 7643*o**2 + 0*o**3 - 7649*o**2 - o**3. Calculate m(-8).
39
Let c(h) = h**2 - 9*h + 15. Let n(x) = -x**2 + 29*x - 84. Let v(m) = m**2 - 30*m + 83. Let w(b) = -2*n(b) - 3*v(b). Let p be w(29). Determine c(p).
-3
Suppose -o - 166 + 435 = 0. Let s = -266 + o. Let m(u) = 3*u**2 - 7*u + 3. What is m(s)?
9
Let l(x) be the second derivative of -x**5/10 - x**4/6 - x**3/6 - x**2 - 2*x. Let j be (-42)/(-28)*(-608)/(-3). Let c be 12/32 - j/128. What is l(c)?
8
Let h(z) = -9*z + 14. Let l = 122 + -57. Let b = -58 + l. Let f(w) = 10*w - 15. Let i(s) = b*h(s) + 6*f(s). What is i(7)?
-13
Let x be (0 + 2 - 2) + 2. Let t(l) = 10*l**x - 6*l**2 - l**3 + 0*l**2 + l + 2*l**3. Let m(u) = -u**2 + 5*u - 2. Let b be m(5). Give t(b).
6
Let v = 16 - 15. Let o be (21 - v)/2*1/2. Suppose 0 = -b - o, -2*g - b + 0*b = -3. Let q(f) = -f**2 + 3*f + 4. What is q(g)?
0
Let w(j) = -j**3 + 5*j**2 + 2*j - 6. Suppose g - 2*g - 14 = 5*i, 4*g + 10 = 3*i. Let d(f) = f - 2. Let t be d(g). Let v be (4/t)/((-18)/135). Determine w(v).
4
Suppose 5*h = -j - 0*h + 17, -3*j = h - 9. Let y be (j - 38)/3*3/(-4). Let c(q) = q - 4*q - q**3 - 5*q - 2 - 1 + y*q**2. What is c(8)?
-3
Let o(d) = 5*d**2 + 14*d**2 + 16365 - 3*d - 16364. Determine o(1).
17
Let y(b) = -b**2 - 12*b + 4. Let w(g) = -g**2 - 11*g + 3. Let d(i) = -2*i**2 + 29*i - 43. Let s be d(13). Let p(t) = s*y(t) + 5*w(t). What is p(-7)?
-1
Suppose -1098 = 109*m + 1191. Let g(r) = -5*r - 80. Determine g(m).
25
Suppose 3*b = -3*u + 57, -4*u = -2*b - 39 - 19. Let n(l) = -u*l - 24*l - 22*l - l**2 - 27*l - 1 + 83*l. Calculate n(-7).
-8
Suppose 4*l + 12 = 0, 3*l = -3*i - 1 - 2. Let r(n) = 10 - i*n - 9 - 5 + 11*n**2 + 5. Determine r(1).
10
Let s be (-1357)/(-295) - (-2)/5. Let q(m) = m + 1. Let j(h) = -h**2 + 11*h + 5. Let z(i) = j(i) - 5*q(i). Calculate z(s).
5
Let y(x) = x**2 - 5*x - 6. Let h be y(6). Suppose 4*o = 4 - h. Let n(s) = -16*s + 18. Let i(f) = 4*f - 7. Let q(c) = -5*i(c) - 2*n(c). Give q(o).
11
Suppose 7*l - 98 = 5*l. Let o be (-5)/10 - l/(-2). Suppose -3*a - q - 17 = -0*q, -4*q = a + o. Let j(v) = v**2 + 3*v + 3. Determine j(a).
7
Let k(y) = 143 - 280 + 60*y**2 + 46*y - 55*y**2 + 113 - 7*y. What is k(-9)?
30
Suppose s + 3*s + 16 = 0. Let a(m) = 2. Let w(z) = -z**2 + 4*z + 18. Let q(r) = -5*a(r) + w(r). Let g(y) = 5*y + 7. Let l(p) = 3*g(p) - 2*q(p). What is l(s)?
9
Let s(c) = 6*c**2 + c. Suppose -3*y + 4*h = 884, 2*y + 2*h + 166 + 400 = 0. Let l = y + 287. Determine s(l).
5
Let x(k) = -k**3 + 4*k**2 - 200*k + 792. Let h be x(4). Let p(f) = f**3 + 7*f**2 + 3*f + 83. Calculate p(h).
-5
Let z(j) = -j**3 - 3*j**2 + 9*j + 9. Let u(b) = b**3 - b**2 + 6*b + 19. Let a be u(-2). What is z(a)?
14
Let y(q) = q**3 - 12*q**2 - q + 13. Suppose 4*j - 8 + 34 = -2*d, -5*d - 55 = 5*j. Let x(v) = -v**3 - 7*v**2 + 19*v + 21. Let u be x(d). Determine y(u).
1
Let p(l) = -l**3 + 29165*l - 29175*l + 10 - 10*l**2 + 0*l**3. Give p(-9).
19
Let y(m) = 90*m**2 + 5*m + 26. Let s(z) = -77*z**2 - 3*z - 26. Let p(j) = 7*s(j) + 6*y(j). Give p(-15).
64
Suppose -2 + 8 = t - 5*v, -3*v = 3*t - 54. Let h = t + -15. Let c(x) be the third derivative of -2*x**6/15 + x**3/6 + x**2 + 65*x. Give c(h).
-15
Let m(s) = 7*s + 37. Let r be m(-5). Let v(t) = 3*t + 4*t**2 - 5*t**r + 1 - 7 + 2. Give v(5).
-14
Let y(f) = -3*f + 4. Suppose -2*i + 342 = -2*o + 354, -o = 3*i + 6. Calculate y(o).
-5
Let i(y) = y**3 - 11*y**2 + 10*y - 4. Let u(x) be the second derivative of -x**5/20 + 2*x**4/3 + 7*x**3/2 + 2*x + 1. Let f be u(10). Determine i(f).
-4
Let b(y) be the third derivative of -y**5/60 + 7*y**4/24 - 2*y**3 + 1095*y**2. Let h = -10 - -16. Determine b(h).
-6
Let x be -3 + 8 + 18/(-6). Let v(w) = x + 14*w + 7*w - 1. Let t = 78 - 77. What is v(t)?
22
Let s(i) = 7*i + 14. Let a(b) = -3. Let w(k) = -3*a(k) - s(k). Let c(u) = -30*u - 20. Let o(q) = 6*c(q) - 26*w(q). Determine o(-5).
0
Let s(o) = -11*o - 13. Let k(f) = 12*f + 16. Let t(n) = -2*k(n) - 3*s(n). Calculate t(-8).
-65
Let q = 85/122 + -12/61. Let m(g) be the first derivative of 1 - 11*g - q*g**2. Give m(-8).
-3
Let r(s) = -7*s**3 - 13*s**2 + 4*s - 2. Let t be r(-2). Let o(h) = -h**3 - 9*h**2 - 21*h - 12. Give o(t).
6
Let a(u) = -3*u**3 + u**2 + u. Suppose -2*f - 3*p = -7*f + 94, -f + 11 = 2*p. Suppose -4*m + 21*m = -f. Determine a(m).
3
Let c(l) = 735*l - 741*l + l**2 - 11 - 11. Let f(n) = n**3 + 7*n**2 - 17*n + 17. Let q be f(-9). Give c(q).
-6
Let m(c) be the third derivative of -c**4/24 - 2*c**3 + 3*c**2. Suppose -475*u = -471*u. Suppose 10 = -2*b - 2*n, -5*b = 4*n - u*n + 29. Give m(b).
-3
Let k(n) = -11*n**2 - 778*n - 3. Let g(c) = 6*c**2 + 433*c + 1. Let o(x) = 9*g(x) + 5*k(x). Suppose -2*y + 5*y = 4*f + 30, 0 = -3*y + 2*f + 24. What is o(y)?
0
Suppose -g + 2*g = 7. Suppose -2*i - g*c = -6*c + 10, 0 = -4*c + 16. Let a(h) = h**3 + 7*h**2 - 2. Calculate a(i).
-2
Let n(k) = -k - 9. Let d(z) = z**3 + 7*z**2 + 9*z + 4. Let q be d(-6). Let m(a) = -a**3 - 29*a**2 + 15*a - 442. Let l be m(-30). Let g = l + q. Give n(g).
-3
Suppose -3*h + 160 = 2*y, -4*y + 155 + 157 = 4*h. Let d = -69 + y. Let t(m) = -m - 7. Determine t(d).
-12
Let n(d) be the first derivative of -d**4/2 - 8*d**3/3 - 3*d**2/2 - d + 2216. What is n(-4)?
11
Let f(l) = -3*l + 23. Let t(y) = 2*y**2 - 29*y - 66. Let m be t(-2). Determine f(m).
23
Let q(o) be the first derivative of -o**7/840 + 17*o**6/360 - o**5/60 + 17*o**4/12 + 17*o**3 - 27. Let r(x) be the third derivative of q(x). Determine r(17).
0
Suppose 0 = -4*b + 428 - 360. Let g(q) = -6 + 24*q**3 - 3*q - 23*q**3 + b*q**2 - 13*q**2. Calculate g(-4).
6
Let x be (-14)/((-350)/15) - 88/(-20). Let z(w) = -2*w**2 + 6*w - 19. Calculate z(x).
-39
Let a = 21439 - 21464. Let m(r) = -r**2 - 19*r + 46. Give m(a).
-104
Let r(q) = -5*q. Let a(f) = 36*f - 127. Let w be a(-6). Let b = 345 + w. Calculate r(b).
-10
Let l = -186 - -208. Suppose -l*u - 120 = 34. Let a(p) = p + 5. What is a(u)?
-2
Let w(n) = n**3 - 6*n**2 + 4*n - 1. Suppose 2*l + 734 = -2*i, -5*l = -i - 333 - 10. Let u = 367 + i. Calculate w(u).
-17
Suppose 0 = 39*i - 34*i - 35. Let s(g) = -12*g**2 - i - 2*g**2 + 23*g**2 - 5*g - 10*g**2. What is s(-5)?
-7
Suppose 9*y = 4*o + 13*y - 32, -6*o = -3*y - 30. Let m(p) = 7*p - 91. Give m(o).
-49
Let n(i) be the third derivative of 3*i**5/40 + 65*i**3/2 - 6*i**2 - 4*i. Let k(z) be the first derivative of n(z). Give k(1).
9
Let z be (-12)/2 + (-18)/(-6) + 5. Let g(v) = -3*v**3 - 2*v. What is g(z)?
-28
Let j(k) = k**2 + k - 5. Let f be (-11 + 1)/(1*(-3)/48). Suppose 4*v - f = 2*v - 4*u, u = 0. Let i be 3/(-4*(-15)/v). Calculate j(i).
15
Let l = -251 + 290. Suppose l*i - 20*i = -76. Let n(b) = -1. Let s(q) = q**3 + 5*q**2 + 5*q - 4. Let m(y) = 2*n(y) - s(y). Determine m(i).
6
Let a(x) be the third derivative of -x**5/60 - x**4/4 - 5*x**3/6 + 7*x**2. Let j be ((-362)/905)/((-4)/(-14) + 26/(-140)). Determine a(j).
3
Let m = 14 + -10. Let y(s) = 2*s**3 - 6*s**2 + 6*s. Let d = 11 + -10. Let i(f) = -f**3 + f**2 - f - 1. Let a(r) = d*i(r) + y(r). Calculate a(m).
3
Suppose -b - 4 = y, 0 = -4*y - 2*b + 5*b - 37. Let c(n) be the third derivative of n**4/24 + 2*n**3 - 13*n**2. Give c(y).
5
Let j be (-12)/2 - (-8 - 10/5). Let w(q) = q - 3. Let v be w(5). Let p(m) = 1 + 23*m**2 + 5*m + 22*m**v - 46*m**2. Give p(j).
5
Let u = 562 - 427. Suppose 0 = -6*y - 147 + u. Let d(b) = 2*b**2 + 4*b + 6. Calculate d(y).
6
Let u(v) = v + 20. Let s be ((-6)/18)/(3*1/(-18)). Suppose 0 = -3*y - 3*z - 55 + 22, s*y = -4*z - 24. Calculate u(y).
10
Let m(t) = t**3 - 4*t**2 - 5*t - 2. Let i = -3366 + 3371. Determine m(i).
-2
Suppose -17085 = 7*b - 17015. Let o(c) = -4*c**2 - 11*c + 3*c**2 - 1 + 0*c**2. Determine o(b).
9
Let p(b) = -b**2 - b + 6. Let x(g) = g**2 - 12*g + 50. Let z be x(8). Suppose -z + 3 = -5*a. Calculate p(a).
-6
Suppose -16*b = 5*s - 12*b - 25, -2*b - 46 = -4*s. Let j(n) = n**3 + 8 - n**3 + 0*n**3 - n**3 - s*n**2 + 6*n + 15*n**2. Calculate j(7).
1
Let d = 1379 - 1371. Let a(j